e tens digit of (4 - (-123)/(-3))*v?
7
Suppose 4*m + 8*s - 3*s = -37, 4*m - 2*s + 2 = 0. Let j be ((-2)/(-3))/(1/m)*-2. Suppose 4*x = j*k + 68, 0*k + 43 = 2*x + k. What is the tens digit of x?
2
Suppose -18*i + 13135 + 26897 = 0. Suppose -i = 15*d - 17*d. What is the units digit of d?
2
Let b = -32 + 31. Let l be ((-110)/(-25) + -3)*(b + 6). What is the units digit of 94/2 + -10 + 5 + l?
9
What is the thousands digit of 8 + 16212 + ((-8)/2 - -2)?
6
Let n = 445 + -436. What is the thousands digit of (-94047)/29*(-3)/n?
1
Let x be 433/5 + (-8)/(-20). Let q(h) = -h**3 - 9*h**2 - 19*h - 33. Let v be q(-7). What is the units digit of 8/v + x - -2?
3
Suppose 144*c - 87*c - 455*c + 18417052 = 0. What is the tens digit of c?
7
Let z be ((-12)/(-10))/(2/(-5)). Let c = 49 + -93. What is the tens digit of -1 + (-2 - c) - z?
4
Let a = 39 - 35. Let r be (-3)/a - (-81)/12. What is the units digit of 570/(-9)*r/(-4)?
5
Suppose -2*u + 5 = -5. Suppose 4*j - 3*a = -5*a + 10, 0 = -u*j + 5*a + 5. What is the units digit of j*1*201*(-1)/(-6)?
7
Let b(d) = d**2 - 4*d - 28. Let j be b(16). Suppose -5*f + f = -j. Let z = -25 + f. What is the units digit of z?
6
Let x = -266 + 261. Let u(a) = 14*a**2 + 6*a + 4. What is the units digit of u(x)?
4
Let q = -27 - -20. Let c(w) = -w**2 - 9*w - 8. Let d be c(q). What is the tens digit of d*((-245)/(-15) + 0)?
9
Suppose -9 = -10*g + 11. Suppose 818 = g*w - 2*j - 0*j, 5*j = w - 397. What is the tens digit of w?
1
What is the tens digit of 3 - (82 - 115)/(-1*1/(-659))?
5
Suppose -3*l - 3*j = -21, -j = -0 - 1. Suppose l*k + 266 = 938. What is the units digit of k?
2
Let y(i) = -7*i - 64. Let t be y(-9). Let u be -794*t/(-11) - 4/(-22). What is the units digit of (-2516)/(-18) + (-16)/u?
0
Let c be (-7 + 10 - 6) + -3. Suppose -w = -3*g + 31, 5*g + 3*w - 4*w - 49 = 0. What is the units digit of c/54 + 46/g?
5
Let k(p) be the second derivative of -16*p - 25/6*p**3 + 0 + 8*p**2 + 1/6*p**4. What is the tens digit of k(17)?
6
Suppose -o + 4*x = -75265, 21*o - 1897049 = -3*x - 316658. What is the units digit of o?
7
Let p = 28138 - 10852. What is the ten thousands digit of p?
1
What is the units digit of 1/208*(396 - 380) - 528488/(-13)?
3
Let i be (121049/(-8))/23 + (-1)/8. What is the tens digit of 2/((-12)/i) + 14/42?
1
Let s = -32 + 43. Let f be (-6)/3 + 27 + -1. Let w = f + s. What is the tens digit of w?
3
Let g be (4 - 1)/(3/24*8). Suppose m + k = 134, -135 = -4*m + g*m - 2*k. What is the hundreds digit of m?
1
Suppose 340*b + 30 = 343*b. Suppose -3*m + 2559 = -5*x, -2390 + 6665 = 5*m - 5*x. Suppose -m = -b*d + 4*d. What is the units digit of d?
3
Suppose 0 = 4*n - 4*k - 33272, -28484 = -4*n + 5*k + 4787. What is the thousands digit of n?
8
Suppose 2 = 2*r - 0. What is the hundreds digit of (-5562)/108*r*-2?
1
Suppose 6 = 2*m + 4*a - 2*a, -2*m + 10 = -2*a. Suppose -3*d + 26 = x - 49, m*x = 3*d + 360. What is the tens digit of x?
8
Let v = -616 - -609. What is the tens digit of (-4773)/(-9) + v/21?
3
Suppose -2*w - 2*k + 5 = 3*w, 5*k + 37 = 4*w. Suppose -r = -w*v - 3*r + 38, -4*r - 68 = -3*v. Let b = 58 - v. What is the units digit of b?
2
What is the thousands digit of (-137998)/(-24) + 36/48 - 14/21?
5
Let n(k) = 2*k**3 - 18*k**2 + 15*k + 45. Let s be n(9). Suppose 186*q = s*q + 5166. What is the hundreds digit of q?
8
What is the thousands digit of (-1)/(10036496/2676416 - 3 - 3/4)?
1
Let l be -6 + (-2354)/(-12) - 2/12. Let v = 129 - l. Let g = v + 156. What is the units digit of g?
5
Suppose 5*o + 509 = -491. Let f be (-1)/(-3) - (-1216)/(-12). Let u = f - o. What is the tens digit of u?
9
Let s(w) = 16*w**3 + 26*w**2 - 142*w - 9. What is the ten thousands digit of s(9)?
1
Let j = -681 + 681. Suppose h + 10*v - 12*v = 1102, -2*v + 10 = j. What is the thousands digit of h?
1
Let f(x) = -3943*x - 10641. What is the tens digit of f(-11)?
3
Let z = -27 - -114. Let j = 118 - z. Suppose j*s + 120 = 32*s. What is the tens digit of s?
2
Let b be -3*1 + 0/(-6) + 3. Suppose -198 + 621 = q - 5*p, b = -2*q - 2*p + 834. What is the units digit of q?
8
Let l = 8763 - 2917. What is the units digit of l?
6
Let b be 2 + (-3)/(-2)*2. Suppose 0 = b*t + 5*h - 8800, 5*t - 3812 - 4979 = -2*h. What is the tens digit of t?
5
Suppose -4302 = -21*j + 22872. What is the units digit of j?
4
Let x(h) = 3379*h**2 + 2*h - 4. What is the tens digit of x(-1)?
7
Let t = -1830 - -5992. What is the hundreds digit of t?
1
Let g(f) = f**2 - f. Let c(y) = -2*y**2 + 3*y - 11. Let o(k) = c(k) + 3*g(k). Let w be o(4). Suppose u = w*u - 324. What is the tens digit of u?
8
Let m = 130 + -8. Let k = m + -25. What is the tens digit of k?
9
Let m be (-144)/108 - 64/(-3). Suppose 3*h - 8*h = -m, 3*y = h + 1256. What is the units digit of y?
0
Suppose 0 = 26*w + 20374 - 48309 - 341395. What is the hundreds digit of w?
2
Let v be 0 + (4 - 0)*(142 - -7). Suppose -r - 5*j + v = -100, -5 = -j. What is the tens digit of r?
7
Suppose 0 = -13*h + 1450 - 163. Let k(t) = 545*t - 7. Let v be k(-5). What is the units digit of v/(-22) - 18/h?
4
Let k(l) = -l**3 + 6*l + 4. Let d(t) = -t**2 - t - 1. Let j(o) = 3*o**2 + 7*o - 7. Let a be j(-3). Let y(z) = a*k(z) - 3*d(z). What is the units digit of y(-2)?
9
Let k(n) = -15*n + 234. Let i be k(14). Let x(b) = -b**3 + 25*b**2 - 16*b - 37. What is the units digit of x(i)?
5
Let v be (-2 - -1)/(9/27). Let l(q) = -3*q**2. Let p be l(v). What is the units digit of 33 + p - 1/1?
5
Suppose 42*w - 5334681 = -97*w. What is the thousands digit of w?
8
Let t be 1*1020*8/10. Suppose -t = -5*b + 2*b. Suppose -217 = -3*s - l, 5*s - b - 99 = -4*l. What is the tens digit of s?
7
Suppose -3*r + 199 - 172 = 0. What is the hundreds digit of 336504/216 + 1/r?
5
Suppose -22224 - 14376 = 6*y - 8*y. What is the units digit of y?
0
Let o be -1 + 0 - (2 - 9). Suppose 0 = -2*k + 4*f + o, f = 3*f. Suppose g + q - 420 = -4*g, -3*q + 240 = k*g. What is the units digit of g?
5
Suppose l - 73*t + 69*t - 2566 = 0, 2560 = l - 3*t. What is the hundreds digit of l?
5
Let o(y) = -3*y**3 + 8*y**2 + 9*y - 6. Let k = -156 - -152. What is the hundreds digit of o(k)?
2
Suppose -3*r = 12 - 99. Suppose r - 2 = 3*i. Suppose i*k - 745 = 11. What is the tens digit of k?
8
Let s(i) = -25*i + 231. Let b be s(10). What is the hundreds digit of (3/15)/(b/(-109345))?
1
Let a = -124 - -130. Suppose -4*t + 797 = 3*b, 5*b - 5*t = a*b - 251. What is the units digit of b?
1
What is the thousands digit of (-164089838)/(-6308) + 1/38?
6
Let r(y) be the third derivative of 19*y**4/4 + 19*y**3/3 + 11*y**2 + 1. What is the tens digit of r(3)?
8
Suppose 4 = 2*n + 26*u - 21*u, -n + 2*u = -2. What is the units digit of n?
2
Let n(l) = 128*l - 8623. What is the tens digit of n(73)?
2
Suppose 3*m = -22*s + 27*s + 68991, 114883 = 5*m + 3*s. What is the tens digit of m?
8
Suppose -17*x + 31991 = 9036 - 118927. What is the units digit of x?
6
Let k = -4439 + 6256. What is the units digit of k?
7
Suppose -7*h + 44 = 16. Suppose -4558 - 294 = -h*n. What is the thousands digit of n?
1
Let g(t) = t**3 - 8*t**2 - 9*t + 6. Let v be g(9). Let b be v/(-15) - (-554)/10. Suppose c = b + 45. What is the hundreds digit of c?
1
Suppose -10*p + 25 = -45. Suppose -p*o = -7295 + 1233. What is the tens digit of o?
6
Suppose 33*u = 166*u - 857451. What is the hundreds digit of u?
4
Let a(x) = -5*x + 10*x**2 - 11*x**2 + 467*x**3 + 3 + 3*x**2 - 175*x**3. What is the units digit of a(1)?
2
Let d(l) = 4*l**3 + 22*l**2 + 50*l + 5. Let h(j) = -j**3 + 1. Let m(b) = -d(b) - 2*h(b). What is the tens digit of m(-12)?
8
Let u(q) be the first derivative of q**4/4 - 5*q**3 - 13*q**2/2 - 15*q + 2. What is the tens digit of u(16)?
3
Suppose -672*r = -671*r - 12837. What is the thousands digit of r?
2
Let z(g) = -5567*g - 72. What is the units digit of z(-2)?
2
Suppose -4 = 5*d - 5*f - 9, -3*f = d + 15. What is the tens digit of d + 12015/9 - -5?
3
Let l(o) = 2*o**3 + 2*o**2 - 7*o + 18. Let i be l(-7). Let x = 839 + i. What is the tens digit of x?
1
Suppose -5*n + 0*n = -5*r + 30, 4*r - 3*n = 19. Let l = 9 - r. What is the units digit of -2*31*-1*4/l?
1
Let k(s) = s**2 - 9*s + 16. Let b be k(7). Suppose d - 6*c = -b*c + 856, -3*c = -2*d + 1727. What is the units digit of d?
8
Suppose 702 = j + 5*s, 4*j + 3*s - 4122 = -1331. Suppose -2*